+ 3. Suppose 0 = -w*c - c - 4*d + 6, -c = d. Is ((-785)/(-15))/(c/(-6)) prime?
True
Suppose 6*l + 398 + 16744 = 0. Let o = l + 7854. Is o prime?
False
Let k = 2902 - 1944. Suppose 4*j - 2*j = -4*i + k, -i - 2*j = -238. Let s = i - -653. Is s composite?
True
Let d = 42008 - 29717. Suppose 162280 = 7*r + d. Is r a prime number?
False
Let n be 297/(-9)*1/(-3). Let t = -11 + n. Suppose t = 7*r - r - 24666. Is r prime?
True
Suppose 2*o - 2*c - 447161 + 18739 = 0, 428422 = 2*o - 3*c. Is o a prime number?
True
Let a = 907023 + -416584. Is a a prime number?
False
Let o(z) be the first derivative of -z**4/4 + 4*z**3 + 7*z**2 - 5*z - 27. Let k(w) = 2*w**3 - 24*w**2 - 29*w + 10. Let x(c) = 3*k(c) + 7*o(c). Is x(9) prime?
True
Suppose -3*s = 9 + 3, -y - 2*s - 4 = 0. Let w(i) = 2*i**3 - 2*i**2 + 6*i - 9. Is w(y) a composite number?
True
Let s be (-20)/6*540/(-40). Suppose 149422 = -31*t + s*t. Is t composite?
True
Let t(p) = -7*p**3 + 14*p**2 - 6*p + 8. Let s(a) = -6*a**3 + 14*a**2 - 6*a + 7. Let b(c) = 6*s(c) - 5*t(c). Let i = 141 - 132. Is b(i) a prime number?
True
Suppose 3*y = 26 - 2543. Let x = 2460 + y. Is x a prime number?
True
Let s(z) = -z**2 - 7*z + 1. Let t be s(-7). Let v be 4/(3 + (-2)/t). Let o(p) = 106*p + 29. Is o(v) composite?
True
Let p(l) be the third derivative of l**5/60 - 5*l**4/6 - l**3 + 4*l**2. Let h be p(15). Let q = h + 208. Is q prime?
True
Let s(v) be the third derivative of 1/8*v**6 + 0 - 1/15*v**5 + 1/6*v**4 - 1/3*v**3 - 6*v**2 + 0*v. Is s(3) composite?
False
Suppose 4*p - i = 12, 4*i = p + 3*i. Suppose -x + 5*x = 2*q - 898, -4*q = p*x - 1784. Let u = q + 94. Is u a prime number?
True
Let x(s) = -3*s + 12. Let z be x(7). Let r be (-4)/14 + (-231586)/7. Is ((-3)/z)/(3*(-4)/r) composite?
False
Let l = 164667 - 63898. Is l composite?
False
Let u = 46 - 184. Let j = -772 - u. Let q = -293 - j. Is q a prime number?
False
Let l(o) = 2*o**3 + 8*o**2 - 12*o - 7. Let q be l(-5). Is ((-2985)/(-12) - q)/(2/40) prime?
False
Is (268 - 150375)/((-3)/1 + 2) composite?
False
Let b = 1702 + 222. Let q(w) = 149*w**3 - 2*w**2 - 15*w + 33. Let c be q(2). Let o = b - c. Is o a prime number?
False
Suppose -s = -2133 - 809. Is (-6)/(-8)*s*178/267 prime?
True
Let t = -175952 - -407905. Suppose 19*u + 12712 = t. Is u prime?
False
Let s(f) = -5*f + 7. Let q be s(1). Let i be 205 - ((-7)/7 - (1 - q)). Let m = i + 264. Is m composite?
True
Suppose -196624 = -4*w - 5*u, 132035 = 5*w + 5*u - 113740. Is w a composite number?
True
Suppose 7 = 4*x - a - 7, -4*x + 3*a = -10. Suppose x*t - 15 = -5*g + 30, -g = -t. Is 953*(3 - (g - 3)) prime?
True
Is (2281*(-6 - -7))/(5/25) composite?
True
Suppose -16839*d = -16835*d - 8380. Is d a prime number?
False
Suppose 50965 = o + 6*r, -9*o - 3*r + 152805 = -6*o. Is o a prime number?
True
Let d be 672/80 - (-2)/(-5). Suppose -2*v + 30820 = d*v. Suppose -16*u + 14*u + v = 0. Is u a composite number?
True
Suppose -4*j + 5*f = -8631, 6051*j - 6053*j - 2*f + 4284 = 0. Is j prime?
False
Let h(d) = 163*d + 5. Suppose 0 = -4*c + 137 - 5. Let l = c + -31. Is h(l) prime?
True
Suppose -237 - 221 = -2*c. Suppose 0 = 2*l - 2*n + 207 - 657, -3*n = -l + c. Is l a composite number?
False
Let b(g) = g**3 - 10*g**2 - 9*g - 4. Let z be b(12). Suppose -5*a + z = -4164. Suppose 304 = 4*m - a. Is m a prime number?
True
Let n(x) = 4*x**3 + 4*x**2 + 6*x + 19. Let o(g) = -34*g + 212. Let b be o(6). Is n(b) prime?
True
Suppose 5*u = 167 - 142. Suppose -6*t = -u*t + 2*q - 459, -5*q + 25 = 0. Is t a composite number?
False
Let k(u) = 3*u**2 + 54*u - 53. Let x be k(-19). Let c(z) = 20*z**3 - 2*z**2 - 2*z + 3. Is c(x) prime?
False
Is (-1622727)/(-25) - ((-1)/5)/(525/(-210)) a composite number?
True
Let w = 736929 + -38827. Is w composite?
True
Let s be (-4 + 15 + 1)*31/2. Suppose 88 = 2*u - s. Let q = u + -58. Is q prime?
True
Suppose -4*z - 679768 = -7*j + 1414065, 2*j = z + 598238. Is j a prime number?
False
Let a = -691 + 696. Suppose -16648 - 12660 = -4*j + 2*t, 0 = 2*t + 8. Suppose -a*i + 10*i = j. Is i a prime number?
False
Suppose 3*w = 2*g + 501231, 3*w - 501258 = -11*g + 10*g. Is w prime?
False
Suppose -27 + 39 = -6*o. Is (-60)/18*489/o composite?
True
Suppose -6615 = -3*b + 11712. Suppose 1031 = -2*q + b. Let i = q - 1212. Is i composite?
False
Suppose -5*m + 3*m = -r - 64210, r = m - 32105. Is m prime?
False
Let l(k) = k**2 - 6*k - 18. Let u be l(15). Suppose 5*m - 78 = u. Let b = 0 + m. Is b prime?
False
Suppose -5*w + 29*w + 29*w = 4823. Is w a prime number?
False
Let l(o) = -7*o + 24. Let y be l(3). Suppose f - y*w - 23795 = -0*f, 5*f - 119015 = -5*w. Is f composite?
False
Let u(b) = 2*b - 34. Let c be u(19). Suppose 0 = 4*a + f - 12, 5*a + 2 = c*a + f. Suppose -v + a*v = 647. Is v composite?
False
Let g(c) = -7 + 3*c - 3 + 5 + 3 + 10059*c**2. Let r be g(1). Let k = r + -6977. Is k prime?
True
Let w(p) = p**2 + 10*p + 11. Let l be w(-9). Let c(f) = 3*f**2 + 3*f**2 - 3*f**2 + 0*f**l - 24 + 8*f. Is c(11) a prime number?
False
Let q = 112205 + -55651. Is q a prime number?
False
Let t = -83627 - -163269. Is t a composite number?
True
Suppose 3*i - 834231 = -6*v, -2*i - 5*v = -0*v - 556153. Is i a composite number?
True
Suppose 42*c - 39*c - 280701 = 5*h, -c + 93567 = 4*h. Is c a prime number?
False
Suppose -5851489 = -63*n - 13*n + 609195. Is n prime?
True
Suppose 4*s = 3*d - 5227, d + 17*s = 14*s + 1751. Suppose 0 = -6*y + d + 3157. Is y composite?
True
Suppose -91*c + 57*c + 1120436 = 0. Is c a prime number?
False
Let o = 2821 - 1359. Suppose -o*d - 46955 = -1467*d. Is d a composite number?
False
Let z be 9730/(-8) + (-2)/(-8). Let j(r) = 50*r**2 - 32*r + 161. Let k be j(7). Let l = k + z. Is l composite?
False
Suppose 12*w = 5*w + 140. Let i(z) = -5*z + 3*z + 12*z**3 + 3 + w*z**3 - z**2 - 5*z**3. Is i(2) prime?
True
Suppose 15*r = 2*r + 143689. Is r composite?
True
Let t = 47783 - 67511. Let k = -12295 - t. Is k composite?
False
Let k = 81232 - 54041. Is k prime?
True
Let f(x) = 2784*x**3 - x**2 + x + 1. Suppose 6*a = 11 + 13. Let u be (-4 - -3) + (-4)/2 + a. Is f(u) prime?
False
Suppose -o + 5*a + 19 - 4 = 0, -4*a - 33 = -5*o. Suppose -3*z + 20*b - 23*b = -10164, -o*z = -5*b - 16950. Is z prime?
True
Suppose -45560 = -4*z + 3*a, 7*z + 2*a = 2*z + 56927. Suppose -5*o - 522 + z = 0. Is o prime?
False
Is 533509 + (0/(-2))/((-63)/(-9)) composite?
False
Let b(c) = -9*c**2 + 3*c**2 - 35*c + 0*c**2 - 15 + 4*c**2. Let l be b(-17). Suppose -4*f - 3*j = -l*j - 12152, -4 = -j. Is f a prime number?
True
Is ((-2)/9 - (233761/(-18) + 3))*2 prime?
False
Let o(w) = w**3 + 5*w**2 - 13*w + 5. Let n be o(-7). Is ((-6)/((-18)/5209))/(n/(-6)) composite?
False
Suppose -3*s = 3*r - 24, 2*s = -2*s - 2*r + 42. Is (-12 + s)/((-1)/(-53)) composite?
False
Let a(n) = 11*n**2 + 11*n - 111. Suppose -40 = 2*x + 4*d, -3*d - 68 = 3*x + 1. Is a(x) a composite number?
False
Let h(p) be the second derivative of -p**4/12 - p**3 + 3*p**2/2 - 5*p. Let f be h(-6). Is (2 + -1 - f) + 295 a composite number?
False
Suppose -61*t = 190*t - 56818117. Is t composite?
False
Let q be ((-15)/(-9) - 2)/((-1)/6). Suppose 3*u - 5*l - 57338 = 0, -u + 11704 = q*l - 7427. Is u a prime number?
True
Let k be (9/5)/(3*9/90). Is 30363 + (-2)/(k + -10)*8 composite?
False
Suppose -5*g = r - 27 + 5, 3*r - 2*g + 2 = 0. Suppose 2*v - v - r = 0. Is 1788/6 + (v - -1) a composite number?
True
Is 2/(12/1129926*7)*1 composite?
False
Let c be 878/(-2) + 2/(-2) + 3. Let n = c - 523. Let k = 2399 + n. Is k composite?
False
Let w(c) = -2*c**3 + 14*c**2 + 36*c - 2. Let x be w(9). Is -3 + 4 + 1962 + x a composite number?
True
Is (((-1222)/8)/13)/(1/(-2804)) prime?
False
Suppose -9*z + 226768 = -131963. Is z composite?
True
Suppose -2*s + 132 = -98. Suppose 0 = s*a - 123*a + 38264. Is a a composite number?
False
Let u(a) = -a**2 + 8*a + 2. Let c be u(8). Suppose -2*v - c*g = -4*g + 16, g - 2 = 0. Let i(m) = -83*m + 1. Is i(v) prime?
True
Suppose -541*j + 7353627 = 5*p - 542*j, 0 = -4*p - 3*j + 5882932. Is p prime?
True
Suppose -6*w = -10*w - 3*z + 6835, w = -2*z + 1705. Suppose 0*l + 2*l - 1918 = 0. Suppose 6*j - l = w. Is j composite?
True
Let l = -55630 - -82533. Is l composite?
False
Let w be (12/(-15))/((-8)/4520). Let m = 1239 - w. Is m composite?
False
Suppose -s - 2*s + 4*x = -10, 1 = -x. Is s/(-8) +